 -43).
-5
16 + -24 + 22 - 3
11
What is the value of (1 - -16) + 113 + -147 + -15?
-32
What is the value of -2 - (14 - (17 + -5) - 16)?
12
What is (8 - 1) + -37 + 33 + (-4 - -2)?
1
What is the value of 14 - (-18 - -47) - -14?
-1
What is 10 - -2 - (12 + 1) - 18?
-19
What is -6 - -16 - (-1 - (4 - 13))?
2
Calculate 0 + -3 + 1 - (-20 + -3).
21
-1 - (-19 + -6 + 4 + 13 + -7)
14
Calculate 7 + 4 + (-7 - (8 - -4)) + 14.
6
What is the value of -13 + 1 + (14 + -5 - 10)?
-13
What is the value of 11 - ((52 - 37) + -15)?
11
Calculate -12 + (-10 - (1 + -16)).
-7
Calculate (0 - 3) + 0 + -1 + 5 + 3.
4
What is the value of (-4 - 2) + (38 - (38 - -1))?
-7
Calculate 116 - 117 - ((2 - -3) + -4).
-2
-8 + 12 + (-12 - (-16 + -1))
9
What is the value of 1 - (2 - 2 - (-3 - 2))?
-4
-6 + (20 - 12) + -4
-2
What is the value of -9 - (1 - (-7 - (-7 - -2)))?
-12
Calculate 6 + 0 + -7 + (-1 + -1 - 8).
-11
Evaluate 0 - -1 - (-198 - -174 - (-1 - 27)).
-3
Evaluate (9 - (-10 - -5)) + 0.
14
Calculate 21 - (8 - (28 + -44)).
-3
Calculate -23 + 5 + -1 - (8 - (2 + 11)).
-14
Calculate -6 + (-12 - (-9 + (5 - 4))).
-10
What is 11 + -7 + -11 + 9 - -2?
4
What is (-17 - -19) + 4 + 2 + -2?
6
What is 21 + 33 + -43 + -33?
-22
Evaluate -1 + -4 + (36 + 10 - 24) + -27.
-10
0 + (-2 - 1 - (-13 + 11)) + -5
-6
What is (13 - 3 - (0 + 7)) + 4 + -22?
-15
What is 8 - (-2 + (-10 - -8) + 0)?
12
Calculate 6 + -10 + 17 + -24.
-11
What is (-33 - (9 + -20 + 4)) + (1 - 1)?
-26
What is -10 - (-23 + -4 - -19)?
-2
Evaluate (11 - 9) + 4 + -4 + (6 - 1).
7
Evaluate -38 - -19 - -11 - -11.
3
What is the value of 1 - -3 - (-5 + (8 - -3) + 21)?
-23
Evaluate 10 + (-31 - -11) + (-3 - -17).
4
Evaluate (-12 - (10 + -21)) + 4.
3
What is -5 + (0 - (-12 + -5)) + 1 + -7?
6
What is the value of -28 + 5 - (-11 - (-5 - (-9 - -7)))?
-15
What is the value of (1 - -8) + -31 + 40?
18
Evaluate (7 - (17 + -5) - -18) + -6.
7
What is (3 - 5 - 21) + 4?
-19
-14 + (35 - 15) - (17 - -1 - 0)
-12
Evaluate 33 + -5 + (-35 - -18).
11
Calculate 14 - (36 + (11 - 19)) - -9.
-5
What is the value of -2 + 0 + 23 + -33 + 11?
-1
What is the value of -16 + (22 - (10 + -5))?
1
Calculate -32 - (-19 + 8) - -7.
-14
What is -1 + 9 - (29 + -7 + -14)?
0
Evaluate 1 + (4 - (-1 + -1)) - (-36 + 54).
-11
Calculate -3 - (-22 + 6 + -5 + 5).
13
What is 0 + (0 + -6 - (7 - (18 - 6)))?
-1
Evaluate 31 - (33 + (-17 - -7)).
8
21 - ((-25 - -75) + -19)
-10
(-7 + 10 - (4 - 3)) + -6
-4
Calculate 2 + (7 - -3) + (-2 - 5).
5
Evaluate -22 - (-3 - -3) - -21.
-1
Evaluate 4 + (-3 - -4) - (-34 - -9 - -22).
8
Evaluate 16 + -4 - 21 - (-42 - -4).
29
What is the value of 2 + 10 - (1 + 5 + -5 + 3)?
8
What is (58 - (56 - -2)) + 1 + (1 - 10)?
-8
-3 + (17 - 4) + -1 - 27
-18
Evaluate (2 - -18) + -10 + 5 - (-2 + 0).
17
Calculate 26 - (-4 + (8 - -9)) - 2.
11
What is (59 - 80) + (1 - (-5 + 0))?
-15
What is the value of (-9 - 9) + -19 - -9?
-28
What is (-3 - -8 - 1) + 4 + 2 + -7?
3
Evaluate (5 + (-1 - 3) - -6) + 1.
8
Evaluate -7 - -1 - (-141 - -133).
2
-16 + (-9 - -9) + (5 + -14 - 1)
-26
8 + (-18 - (-11 + 2)) - 6
-7
What is -16 - (4 + 17 - 19)?
-18
8 + (470 - 531 - (-16 - -1))
-38
(-4 - (3 - -9 - -3)) + 7 + 5
-7
Calculate 6 + (-4 - 2 - (-59 - -29 - -53)).
-23
What is 7 + -13 + (22 - (3 - -21))?
-8
Calculate 7 + -36 + 12 + 22 - 34.
-29
Calculate 114 + -104 + (-2 - 0 - 4).
4
What is the value of (-4 - -39) + (17 - (23 - -2))?
27
(15 - 14) + 43 + -35
9
What is -1 + (-4 - 1) + 4 + (-24 - -25)?
-1
14 + 1 + (-20 - -13) + 0
8
What is the value of 2 - (17 + -15 - -1 - -11)?
-12
0 + (-4 - (9 + -14 - -4)) + -9
-12
What is the value of -12 + (14 - 0) - (-9 - (-1 - 3))?
7
1 + (2 + (3 - 0) - 11) + 11
6
What is the value of -6 - ((0 - 6) + 11) - (4 - 11)?
-4
What is (101 - 95) + (-2 - 2)?
2
-8 - (-8 - ((-14 - -3) + 5))
-6
Calculate (-8 - (-34 + 8)) + -28.
-10
Calculate (0 + 2 - (274 + -254)) + -3 + -1.
-22
-826 - -827 - (5 - (0 - 1))
-5
What is the value of -464 + 482 - (38 + 1)?
-21
What is -8 + 27 - (5 + 4 - 5)?
15
What is the value of (-12 - -9 - (3 + -13)) + -18?
-11
What is -1 + (-26 - 1) - -6 - (6 - 10)?
-18
Evaluate (-44 - -42) + (2 - -4) + -6 + 11.
9
Evaluate -9 - (-1 + (28 - 18) + (-29 - 1)).
12
What is the value of 0 + -8 + 8 - (8 + -3 - -5)?
-10
Calculate 7 - (4 + (-1 - -4) + -13).
13
What is (-1 - 19) + (33 - 4)?
9
What is 15 - -2 - (12 + 4)?
1
-8 - (20 - (45 - 10))
7
Evaluate (-2 - -3) + -3 + 4 + (8 - 8).
2
-5 + 0 + 1 + (-3 - -2) + 2
-3
What is 2 - (7 + (-12 - -1) - (-3 - 4))?
-1
8 + -29 + 13 + (0 - 5)
-13
Calculate (11 - 25) + 15 - (-3 + 7 - 5).
2
What is -2 - -13 - (-352 + 335)?
28
-26 + (16 + -15 - 0)
-25
What is the value of 62 - 70 - (-8 - -2)?
-2
Evaluate ((10 - 23) + 5 - 2) + -8.
-18
8 - (1 - -29 - (-123 - -124))
-21
Calculate 32 + 25 + -30 + -41.
-14
Evaluate 0 + -5 + ((-2 - 0) + 22 - 46).
-31
Calculate -18 + 4 + 14 + (0 - 4 - -9).
5
Evaluate (25 - 26) + -52 - -43.
-10
Calculate 6 + (1 - 0) - (16 + 8 + -17).
0
Calculate -7 + -10 + 0 + 5 - -20.
8
What is the value of -2 + 31 + 2 + -4 + (-9 - -4)?
22
(603 - 630) + 17 + 1
-9
Evaluate -17 + (14 + 21 - 7 - 17).
-6
Evaluate 13 - (5 - (-4 + 2) - -2).
4
Calculate 0 - -18 - (-12 + (4 - (17 - 27))).
16
What is the value of -8 + (-4 - (0 - (-1 + 2)))?
-11
Evaluate 7 + (-20 + (11 - 8) + 8 - -42).
40
What is 13 + (3 + -7 - -5) + -6 + -1?
7
18 + 25 + -25 - 12
6
Calculate (3 - -3) + -8 + (2 - -6).
6
Evaluate 21 - 28 - (-8 - 0) - (0 + -2).
3
Evaluate -220 + 106 - -115 - (-7 - 0 - -1).
7
What is the value of 8 + (-6 - 13) + 4 + -1 - -3?
-5
Evaluate 37 - (68 + (-28 - 5)).
2
(13 - 9) + -14 + 4 + (7 - -26)
27
Evaluate -7 - (40 - 46 - (-4 + 1 - 13)).
-17
What is -1 + -13 + 235 + -218 - (1 - 7)?
9
What is the value of 9 - (-1 + 0 - -9)?
1
What is 23 - 11 - (-5 + 9 - 10)?
18
What is the value of (13 - 35) + 27 - (2 + 7) - -26?
22
Calculate 1 - -12 - (10 - (-8 - -4 - -13)).
12
What is the value of (7 - 63) + 56 + (-1 - -23) + 2?
24
Evaluate (1 - 12) + -2 + -3 - -30.
14
Calculate 2 + 41 + -7 + (15 - 17).
34
-1 + (-19 - -10 - -4 - (19 + 2))
-27
What is the value of -15 + 14 + 9 + -5 - 9?
-6
What is the value of 4 - (25 + -19) - 10?
-12
Evaluate -10 - -42 - (24 - 8).
16
What is the value of (3 - 3 - (19 + -16)) + -20 + 4?
-19
-8 - (2 + -35 + 6 + 10)
9
Evaluate -42 + 11 + 15 + 1.
-15
Calculate 10 - (2 - (-11 - (-20 + 15))).
2
What is the value of 6 + -27 + 5 + 31?
15
(6 - (6 + -1)) + (5 - -9) - 2
13
What is -1 - ((-36 - -54) + -2 + (-2 - -4))?
-19
What is the value of 5 + (-7 - (4 + -3 + 5 + -20))?
12
Evaluate 4 + -28 + 37 + -2 + -1 - -2.
12
What is -4 + 7 + -2 + -1 - (-1 - 8)?
9
-8 - -2 - (38 + (-46 - 10))
12
Evaluate -8 + (12 - 23 - -9).
-10
28 - 11 - (3 + 12 + -8 + -3)
13
What is 4 + (-14 - 7) + 7 + -2?
-12
Calculate 2 - ((1 + 14 - (-6 - -14)) + -16).
11
Calculate -13 - 7 - -18 - (14 - 1).
-15
What is the value of 5 + -12 - 1 - (-7 + -10)?
9
What is the value of 0 + 7 + (-12 - (-23 + -2 + 9))?
11
What is 8 - -8 - (-54 + 51)?
19
What is 0 + 2 - (-18 - (13 - 29)) - -4?
8
What is the value of (1 - (3 + 0 + 4)) + (3 - 1)?
-4
Calculate (-123 - -104) + (2 - 3).
-20
Evaluate -9 - (-3 - (-1 + -4 - (46 - 45))).
-12
(19 - 18 - (10 + -4)) + 9
4
Evaluate 4 + 2 - 11 - ((-2 - 1) + -4).
2
What is 631 - 644 - (-1 - 1)?
-11
Calculate (-41 + 12 - -15) + (-2 - -35).
19
What is the value of 1 + 6 - (57 + -110 + 62)?
-2
What is the value of -10 + (2 - 2 - -23)?
13
-7 - (-4 + (-2 + -8 - (-2 + -4)))
1
Evaluate 17 + (3 - ((13 - 9) + 12 - 9)).
13
Calculate 29 - 29 - (-16 + 5).
11
Calculate -12 - (0 + (-3 - -4) + (-9 - -15)).
-19
What is the value of -1 + 11 + (8 - 11) + -1?
6
Calculate 2 + 4 + ((4 - -1) + 2 - 8).
5
What is the value of 0 + -7 + 12 + 1 + -7 + 8?
7
What is the value of (-4 - -6) + -7 + 3 + (-2 - 1)?
-5
What is the value of 49 + 36 - 81 - (32 - 1)?
-27
Evaluate -12 - ((-7 - (-4 - 5)) + 11).
-25
(-27 - -13) + 20 - -22
28
What is the value of (7 - 3) + (13 - 18)?
-1
What is the value of 4 + (4 - 4) + 5 - 0?
9
Evaluate -5 + (2 - -1) + (-8 - -6) + 3.
-1
15 + -1 - (-3 + -16 + -15 + 29)
19
12 + -10 + (1 - (4 - 8))
7
Calculate 6 - (15 + 1 - (-36 - -38)).
-8
What is 47 + 3 + -17 - 17?
16
What is (-5 - -7) + -1 + 10 + (-4 - 13)?
-6
What is the value of -19 - (-49 - (8 - 9))?
29
Evaluate 13 - (-1 + 10 + 5 - 13).
12
Calculate -5 - (-5 + (-2 - -10) + -3) - 2.
-7
Calculate (12 - (3 + 18)) +